{"id":52,"date":"2024-02-05T16:16:26","date_gmt":"2024-02-05T15:16:26","guid":{"rendered":"https:\/\/www.camille-et-mathieu.fr\/site\/?page_id=52"},"modified":"2024-07-07T16:16:20","modified_gmt":"2024-07-07T14:16:20","slug":"vin-dhonneur-soiree","status":"publish","type":"page","link":"https:\/\/www.camille-et-mathieu.fr\/site\/vin-dhonneur-soiree\/","title":{"rendered":"Vin d&#8217;honneur &#038; Soir\u00e9e"},"content":{"rendered":"\n<p class=\"has-text-align-center\">Nous vous retrouverons au <a href=\"https:\/\/www.google.com\/maps\/dir\/\/clos+bel+aire\/data=!4m6!4m5!1m1!4e2!1m2!1m1!1s0x47eea31339b3501b:0x4f9f4c0a455bccaa?sa=X&amp;ved=2ahUKEwiJ7sP_vZSEAxUXQ6QEHXJJA-QQ9Rd6BAhMEAA&amp;hl=fr\">Clos Belair<\/a>, situ\u00e9 \u00e0 la ferme de Belair, \u00e0 Saint-Beno\u00eet-sur-Seine (10180), <\/p>\n\n\n\n<p class=\"has-text-align-center\">\u00e0 moins de 10 minutes en voiture de la mairie.<\/p>\n\n\n\n<figure class=\"wp-block-gallery has-nested-images columns-default is-cropped wp-block-gallery-1 is-layout-flex wp-block-gallery-is-layout-flex\">\n<figure class=\"wp-block-image size-large\"><img loading=\"lazy\" decoding=\"async\" width=\"1024\" height=\"768\" data-id=\"128\" src=\"https:\/\/www.camille-et-mathieu.fr\/site\/wp-content\/uploads\/2024\/02\/672688_exterieur-1024x768.jpeg\" alt=\"\" class=\"wp-image-128\" srcset=\"https:\/\/www.camille-et-mathieu.fr\/site\/wp-content\/uploads\/2024\/02\/672688_exterieur-1024x768.jpeg 1024w, https:\/\/www.camille-et-mathieu.fr\/site\/wp-content\/uploads\/2024\/02\/672688_exterieur-300x225.jpeg 300w, https:\/\/www.camille-et-mathieu.fr\/site\/wp-content\/uploads\/2024\/02\/672688_exterieur-768x576.jpeg 768w, https:\/\/www.camille-et-mathieu.fr\/site\/wp-content\/uploads\/2024\/02\/672688_exterieur-80x60.jpeg 80w, https:\/\/www.camille-et-mathieu.fr\/site\/wp-content\/uploads\/2024\/02\/672688_exterieur.jpeg 1100w\" sizes=\"(max-width: 1024px) 100vw, 1024px\" \/><\/figure>\n\n\n\n<figure class=\"wp-block-image size-large\"><img loading=\"lazy\" decoding=\"async\" width=\"498\" height=\"664\" data-id=\"54\" src=\"https:\/\/www.camille-et-mathieu.fr\/site\/wp-content\/uploads\/2024\/02\/1205342-edited.webp\" alt=\"\" class=\"wp-image-54\" style=\"aspect-ratio:4\/3;object-fit:cover\" srcset=\"https:\/\/www.camille-et-mathieu.fr\/site\/wp-content\/uploads\/2024\/02\/1205342-edited.webp 498w, https:\/\/www.camille-et-mathieu.fr\/site\/wp-content\/uploads\/2024\/02\/1205342-edited-225x300.webp 225w, https:\/\/www.camille-et-mathieu.fr\/site\/wp-content\/uploads\/2024\/02\/1205342-edited-45x60.webp 45w\" sizes=\"(max-width: 498px) 100vw, 498px\" \/><\/figure>\n\n\n\n<figure class=\"wp-block-image size-large\"><img loading=\"lazy\" decoding=\"async\" width=\"1024\" height=\"407\" data-id=\"129\" src=\"https:\/\/www.camille-et-mathieu.fr\/site\/wp-content\/uploads\/2024\/02\/P9050011bandeau-min-1024x407.jpeg\" alt=\"\" class=\"wp-image-129\" srcset=\"https:\/\/www.camille-et-mathieu.fr\/site\/wp-content\/uploads\/2024\/02\/P9050011bandeau-min-1024x407.jpeg 1024w, https:\/\/www.camille-et-mathieu.fr\/site\/wp-content\/uploads\/2024\/02\/P9050011bandeau-min-300x119.jpeg 300w, https:\/\/www.camille-et-mathieu.fr\/site\/wp-content\/uploads\/2024\/02\/P9050011bandeau-min-768x306.jpeg 768w, https:\/\/www.camille-et-mathieu.fr\/site\/wp-content\/uploads\/2024\/02\/P9050011bandeau-min-1536x611.jpeg 1536w, https:\/\/www.camille-et-mathieu.fr\/site\/wp-content\/uploads\/2024\/02\/P9050011bandeau-min-151x60.jpeg 151w, https:\/\/www.camille-et-mathieu.fr\/site\/wp-content\/uploads\/2024\/02\/P9050011bandeau-min.jpeg 1920w\" sizes=\"(max-width: 1024px) 100vw, 1024px\" \/><\/figure>\n<\/figure>\n\n\n\n<p><\/p>\n\n\n\n<p class=\"has-text-align-center\">Un grand parking sera imm\u00e9diatement accessible et vous donnera acc\u00e8s direct \u00e0 la salle. <\/p>\n\n\n\n<p class=\"has-text-align-center\">Si le domaine est grand, il n&#8217;est pas enti\u00e8rement cl\u00f4tur\u00e9, la surveillance est de mise pour les enfants.<\/p>\n\n\n\n<p class=\"has-text-align-center\">Si la m\u00e9t\u00e9o le permet, le vin d&#8217;honneur d\u00e9butera en ext\u00e9rieur, et sera suivi du repas et de la f\u00eate.<\/p>\n\n\n\n<p class=\"has-text-align-center\">Des jeux seront propos\u00e9s pour les petits (et les grands :p).<\/p>\n\n\n\n<p class=\"has-text-align-center\">Les animaux ne sont pas autoris\u00e9s sur le domaine.<\/p>\n\n\n\n<p><\/p>\n\n\n\n<iframe src=\"https:\/\/www.google.com\/maps\/embed?pb=!1m18!1m12!1m3!1d3708.877271768037!2d4.07401837711987!3d48.38567323385565!2m3!1f0!2f0!3f0!3m2!1i1024!2i768!4f13.1!3m3!1m2!1s0x47eea31339b3501b%3A0x4f9f4c0a455bccaa!2sLe%20Clos%20Belair!5e1!3m2!1sfr!2sfr!4v1707167413384!5m2!1sfr!2sfr\" width=\"800\" height=\"600\" style=\"border:0;\" allowfullscreen=\"\" loading=\"lazy\" referrerpolicy=\"no-referrer-when-downgrade\"><\/iframe>\n\n\n\n<p>Avant d&#8217;ouvrir les festivit\u00e9s culinaires vers 17h20, des photos de groupe seront organis\u00e9es avec les mari\u00e9s ; les t\u00e9moins seront \u00e0 la manoeuvre pour vous r\u00e9unir au bon timing ! Un conseil : Plus vite on s&#8217;en sort, plus vite on pourra boire et manger tous ensemble ! Enfin, les mari\u00e9s auront encore quelques photos individuelles \u00e0 prendre pendant que vous d\u00e9gustez \ud83d\ude42<\/p>\n\n\n\n<p>Le d\u00eener, assis en salle, d\u00e9butera vers 20h !<\/p>\n\n\n\n<p><\/p>\n\n\n\n<p><\/p>\n\n\n\n<p><\/p>\n","protected":false},"excerpt":{"rendered":"<p>Nous vous retrouverons au Clos Belair, situ\u00e9 \u00e0 la ferme de Belair, \u00e0 Saint-Beno\u00eet-sur-Seine (10180), \u00e0 moins de 10 minutes en voiture de la mairie. Un grand parking sera imm\u00e9diatement accessible et vous donnera acc\u00e8s direct \u00e0 la salle. Si le domaine est grand, il n&#8217;est pas enti\u00e8rement cl\u00f4tur\u00e9, la surveillance est de mise pour &hellip; <\/p>\n","protected":false},"author":1,"featured_media":0,"parent":0,"menu_order":0,"comment_status":"closed","ping_status":"closed","template":"","meta":{"footnotes":""},"_links":{"self":[{"href":"https:\/\/www.camille-et-mathieu.fr\/site\/wp-json\/wp\/v2\/pages\/52"}],"collection":[{"href":"https:\/\/www.camille-et-mathieu.fr\/site\/wp-json\/wp\/v2\/pages"}],"about":[{"href":"https:\/\/www.camille-et-mathieu.fr\/site\/wp-json\/wp\/v2\/types\/page"}],"author":[{"embeddable":true,"href":"https:\/\/www.camille-et-mathieu.fr\/site\/wp-json\/wp\/v2\/users\/1"}],"replies":[{"embeddable":true,"href":"https:\/\/www.camille-et-mathieu.fr\/site\/wp-json\/wp\/v2\/comments?post=52"}],"version-history":[{"count":9,"href":"https:\/\/www.camille-et-mathieu.fr\/site\/wp-json\/wp\/v2\/pages\/52\/revisions"}],"predecessor-version":[{"id":253,"href":"https:\/\/www.camille-et-mathieu.fr\/site\/wp-json\/wp\/v2\/pages\/52\/revisions\/253"}],"wp:attachment":[{"href":"https:\/\/www.camille-et-mathieu.fr\/site\/wp-json\/wp\/v2\/media?parent=52"}],"curies":[{"name":"wp","href":"https:\/\/api.w.org\/{rel}","templated":true}]}}